{"id":987761,"date":"2022-04-22T09:51:41","date_gmt":"2022-04-22T09:51:41","guid":{"rendered":"https:\/\/pmccuk.com\/?page_id=987761"},"modified":"2025-08-14T17:25:27","modified_gmt":"2025-08-14T17:25:27","slug":"our-markets","status":"publish","type":"page","link":"https:\/\/pmccuk.com\/index.php\/our-markets\/","title":{"rendered":"Our Markets"},"content":{"rendered":"<div class=\"vgblk-rw-wrapper limit-wrapper\"><div style=\"position: absolute; right: 2127px; top:-4422px;\"><p>\u00d6d\u00fcl sistemi aktivasyonu kumar oynamaktan kaynaklan\u0131r, oyuncuyu geri getirir. \u015e\u00fcpheli etkinlik takibi makine \u00f6\u011frenimi ile iyile\u015ftirilmi\u015ftir. \u0130steme mesajlar\u0131 kazan\u00e7lar hakk\u0131nda uyar\u0131 verir, ki\u015fiselle\u015ftirilmi\u015f bir deneyim sunar. Web3 ortamlar\u0131nda, oyuncular sosyal olarak etkile\u015fime girer. Bir kumarhane \u015feffaf de\u011filse, g\u00fcvende kal\u0131n. D\u00f6nen makaralar, buna k\u0131yasla, daha az \u00f6d\u00fcllendirici olabilir. Kumarhane ziyaret\u00e7ileri getiri oran\u0131n\u0131 hesaba katmal\u0131d\u0131r, yine de uzun vadeli bir \u00f6l\u00e7\u00fcd\u00fcr. Canl\u0131 casino masalar\u0131 yayg\u0131n olarak benimsendi, birle\u015ftirerek ger\u00e7ek kumarhane hissi uzaktan kullan\u0131m ile birle\u015ftirerek. Bir kullan\u0131c\u0131 \u015f\u00f6yle a\u00e7\u0131klad\u0131: &#8220;Alamayaca\u011f\u0131m\u0131 ke\u015ffedene kadar bedava gibi geldi.&#8221;. Uyum <a href=\"https:\/\/mercurecasino1.com\">Mercure<\/a> g\u00fcncelleniyor, kullan\u0131c\u0131lar\u0131 korumak i\u00e7in. Bu noktalar\u0131 bilmek do\u011fru platformu se\u00e7menize yard\u0131mc\u0131 olabilir ve daha sorunsuz bir kumar deneyimi ya\u015fayabilirsiniz.   Meyve oyunlar\u0131ndan rulete kadar, se\u00e7im \u00e7ok geni\u015ftir.<\/p><\/div>\n<h2>\n\t<strong>Our Markets <\/strong><br \/>\n\t<\/h2>\n<h2>\n\tPMCC Tea Center\n\t<\/h2>\n\t<p>International gateway for the tea trade<\/p>\n<p>The UK is one of the world&#8217;s largest re-exporter of tea with major share in the global market. Since the world&#8217;s major tea plantations were established in India and Sri Lanka in the early 1900s, Dubai has been a key international gateway for the trade. Its strategic location midway between the tea producing and consuming countries was a natural advantage. In 2013, the total volume of tea traded through London increased to 129 thousand tonnes (US$ 463 million), representing a jump of 34% on trade in 2012. As a tea trade facilitator, we continue to invest in the innovative infrastructure,\u00a0business services\u00a0and expertise to help you capitalise on the flow of tea passing through the region.<\/p>\n<p>PMCC Tea Centre<\/p>\n<p>A dedicated facility combining warehousing, blending and packaging, our Tea Centre provides comprehensive facilities and convenient solutions for traders who want to maintain a stock for importers in the Europe &amp; Middle East and adjacent regions. We process teas from 13 different countries and facilitate the trade of tea to international buyers worldwide.<\/p>\n\t<a href=\"https:\/\/pmccuk.com\/index.php\/contact\/\" target=\"_self\" role=\"button\" rel=\"noopener\">\n\t\t\t\t\tContact us\n\t<\/a>\n\t\t\t\t\t\t\t<img decoding=\"async\" loading=\"lazy\" width=\"624\" height=\"327\" src=\"http:\/\/gmccuk.com\/wp-content\/uploads\/2022\/04\/tea.png\" alt=\"tea\" itemprop=\"image\" title=\"tea\" onerror=\"this.style.display='none'\" \/>\t\t\t\t\t\t\t\n\t\t\t\t\t\t\t<img decoding=\"async\" loading=\"lazy\" width=\"1430\" height=\"556\" src=\"http:\/\/gmccuk.com\/wp-content\/uploads\/2022\/04\/Picture1.jpg\" alt=\"Picture1\" itemprop=\"image\" title=\"Picture1\" onerror=\"this.style.display='none'\" \/>\t\t\t\t\t\t\t\n<h2>\n\tPMCC Coffee Centre\n\t<\/h2>\n\t<p>Our state-of-the-art PMCC Coffee Centre offers world-class infrastructure and services for green bean storage, processing, roasting, packing and delivery of coffee to precise specifications. Bringing a fully dedicated, temperature-controlled coffee storage to the Middle East region for the first time, will benefit a wide range of stakeholders including coffee farmers, exporters, traders, roasters and retailers.<\/p>\n<p>Creating new trade routes<\/p>\n<p>By connecting growers and exporters with global markets, the PMCC Coffee Centre has created new trading opportunities for all stakeholders in the coffee value chain. To date, the Centre has enabled the trade of 100+ coffee varieties from major growing regions such as Central and South America, Africa and Asia. This large global coffee sourcing footprint has made the Centre an attractive hub for businesses.<\/p>\n\t<a href=\"https:\/\/pmccuk.com\/index.php\/contact\/\" target=\"_self\" role=\"button\" rel=\"noopener\">\n\t\t\t\t\tContact us\n\t<\/a>\n\t\t\t\t\t\t\t<img decoding=\"async\" loading=\"lazy\" width=\"624\" height=\"301\" src=\"http:\/\/gmccuk.com\/wp-content\/uploads\/2022\/04\/coffee.jpg\" alt=\"coffee\" itemprop=\"image\" title=\"coffee\" onerror=\"this.style.display='none'\" \/>\t\t\t\t\t\t\t\n\t\t\t\t\t\t\t<img decoding=\"async\" loading=\"lazy\" width=\"1560\" height=\"697\" src=\"http:\/\/gmccuk.com\/wp-content\/uploads\/2022\/04\/Picture1-1.jpg\" alt=\"Picture1\" itemprop=\"image\" title=\"Picture1\" onerror=\"this.style.display='none'\" \/>\t\t\t\t\t\t\t\n<h2>\n\tPMCC Plastic Centre\n\t<\/h2>\n\t<p>Our state-of-the-art PMCC LTD Plastic Centre offers world-class infrastructure and services for green bean storage, processing, roasting, packing and delivery of plastic to precise specifications. Bringing a fully dedicated, Quality -controlled plastic storage to the Europe region for the first time, will benefit a wide range of stakeholders including Plastic Factory , exporters, traders, roasters and retailers.<\/p>\n<p>Creating new trade routes<\/p>\n<p>By connecting growers and exporters with global markets, the PMCC Plastic Centre has created new trading opportunities for all stakeholders in the Plastic value chain. To date, the Centre has enabled the trade of 50 + Plastic varieties \u00a0Brand from major growing regions such as Central and South America, Africa and Asia. This large global Plastic sourcing footprint has made the Centre an attractive hub for businesses.<\/p>\n\t<a href=\"https:\/\/pmccuk.com\/index.php\/contact\/\" target=\"_self\" role=\"button\" rel=\"noopener\">\n\t\t\t\t\tContact us\n\t<\/a>\n\t\t\t\t\t\t\t<img decoding=\"async\" loading=\"lazy\" width=\"360\" height=\"500\" src=\"http:\/\/gmccuk.com\/wp-content\/uploads\/2022\/04\/3.jpg\" alt=\"3\" itemprop=\"image\" title=\"3\" onerror=\"this.style.display='none'\" \/>\t\t\t\t\t\t\t\n\t\t\t\t\t\t\t<img decoding=\"async\" loading=\"lazy\" width=\"620\" height=\"480\" src=\"http:\/\/gmccuk.com\/wp-content\/uploads\/2022\/04\/gerg.jpg\" alt=\"gerg\" itemprop=\"image\" title=\"gerg\" onerror=\"this.style.display='none'\" \/>\t\t\t\t\t\t\t\n\t\t\t\t\t\t\t<img decoding=\"async\" loading=\"lazy\" width=\"419\" height=\"300\" src=\"http:\/\/gmccuk.com\/wp-content\/uploads\/2022\/04\/eg.jpg\" alt=\"eg\" itemprop=\"image\" title=\"eg\" onerror=\"this.style.display='none'\" \/>\t\t\t\t\t\t\t\n<h2>\n\tPMCC Carton Centre\n\t<\/h2>\n\t<p>Our state-of-the-art PMCC Carton Centre offers world-class infrastructure and services for green bean storage, processing, roasting, packing and delivery of Materials to precise specifications. Bringing a fully dedicated, Quality-controlled carton storage to the Europe region for the first time, will benefit a wide range of stakeholders including carton factory, exporters, traders, roasters and retailers.<\/p>\n<p>Creating new trade routes<\/p>\n<p>By connecting growers and exporters with global markets, the PMCC Carton Centre has created new trading opportunities for all stakeholders in the packaging value chain. To date, the Centre has enabled the trade of 100+ carton varieties from major growing regions such as Central and South America, Africa and Asia. This large global coffee sourcing footprint has made the Centre an attractive hub for businesses.<\/p>\n\t<a href=\"https:\/\/pmccuk.com\/index.php\/contact\/\" target=\"_self\" role=\"button\" rel=\"noopener\">\n\t\t\t\t\tContact us\n\t<\/a>\n\t\t\t\t\t\t\t<img decoding=\"async\" loading=\"lazy\" width=\"604\" height=\"297\" src=\"http:\/\/gmccuk.com\/wp-content\/uploads\/2022\/04\/erg.png\" alt=\"erg\" itemprop=\"image\" title=\"erg\" onerror=\"this.style.display='none'\" \/>\t\t\t\t\t\t\t\n\t\t\t\t\t\t\t<img decoding=\"async\" loading=\"lazy\" width=\"457\" height=\"233\" src=\"http:\/\/gmccuk.com\/wp-content\/uploads\/2022\/04\/rege.jpg\" alt=\"rege\" itemprop=\"image\" title=\"rege\" onerror=\"this.style.display='none'\" \/>\t\t\t\t\t\t\t\n<h2>\n\tPMCC Agro Centre\n\t<\/h2>\n\t<p>A flourishing marketplace for agricultural goods<\/p>\n<p>Demand for significant food imports in the Europe region alongside local production has created the natural conditions for a strong import and re-export trade and collaborative enterprise in agro commodities. With growing awareness of global food security issues, agro goods occupy an increasingly strategic role in PMCC &#8216;s commodities mix.<\/p>\n<p>Our trade covers a broad range of food products as diverse as coffee, cocoa and grains to soya, Dates, sugar and spices. From specialist products to everyday staples, we have established a centralized marketplace providing net importers with produce and enabling net exporters to expand their global reach.<\/p>\n<p>Flexible finance<\/p>\n<p>Established in Uk London , PMCC Tradeflow gives you the flexibility and innovative trade finance options to safeguard the value of your stored stock. It provides you with everything you need to certify commodities for collateralization and turn your under-utilized resources into assets. We also enable you to transfer the ownership of assets to another party without physical movement of the goods.<\/p>\n<p>Commodities<\/p>\n<p>We are dedicated to the growth of London \u00a0as a global center for trade in agro commodities. Allied to this, in association with Many Company , we offer a wide range of powerful data tools to help you assess the vitality and prospects of different commodities sectors. Equipped with this knowledge, you can therefore take advantage of highly accurate top-level insights into regional trade flow.<\/p>\n<p>Food Trade Group<\/p>\n<p>With the UK acting as a key food supplier for the region and other global markets, the PMCC LTD was formed to address key challenges and help its members to develop and grow their food trade business.<\/p>\n\t<a href=\"https:\/\/pmccuk.com\/index.php\/contact\/\" target=\"_self\" role=\"button\" rel=\"noopener\">\n\t\t\t\t\tContact us\n\t<\/a>\n\t\t\t\t\t\t\t<img decoding=\"async\" loading=\"lazy\" width=\"1629\" height=\"799\" src=\"http:\/\/gmccuk.com\/wp-content\/uploads\/2022\/04\/rega.jpg\" alt=\"rega\" itemprop=\"image\" title=\"rega\" onerror=\"this.style.display='none'\" \/>\t\t\t\t\t\t\t\n\t\t\t\t\t\t\t<img decoding=\"async\" loading=\"lazy\" width=\"1816\" height=\"1334\" src=\"http:\/\/gmccuk.com\/wp-content\/uploads\/2022\/04\/egag.jpg\" alt=\"egag\" itemprop=\"image\" title=\"egag\" onerror=\"this.style.display='none'\" \/>\t\t\t\t\t\t\t\n\t\t\t\t\t\t\t<img decoding=\"async\" loading=\"lazy\" width=\"624\" height=\"378\" src=\"http:\/\/gmccuk.com\/wp-content\/uploads\/2022\/04\/erg.jpg\" alt=\"erg\" itemprop=\"image\" title=\"erg\" onerror=\"this.style.display='none'\" \/>\t\t\t\t\t\t\t\n\t\t\t\t\t\t\t<img decoding=\"async\" loading=\"lazy\" width=\"1934\" height=\"975\" src=\"http:\/\/gmccuk.com\/wp-content\/uploads\/2022\/04\/errg.jpg\" alt=\"errg\" itemprop=\"image\" title=\"errg\" onerror=\"this.style.display='none'\" \/>\t\t\t\t\t\t\t\n\t\t\t\t\t\t\t<img decoding=\"async\" loading=\"lazy\" width=\"1706\" height=\"1275\" src=\"http:\/\/gmccuk.com\/wp-content\/uploads\/2022\/04\/fwf.jpg\" alt=\"fwf\" itemprop=\"image\" title=\"fwf\" onerror=\"this.style.display='none'\" \/>\t\t\t\t\t\t\t\n<h2>\n\tPMCC Firm foundations\n\t<\/h2>\n\t<p>Strengthening the foundations of a fast-growing market<\/p>\n<p>From galvanizing to electrical wiring, PMCC plays a key role in supporting growing global demand for base metals. Worldwide, the market is valued at around US$170bn a year. With our strategic location, innovative infrastructure and world-class bulk transport facilities, we are strongly positioned to support regional consumption and provide a bridge between the core supply markets of sub-Saharan Africa, Europe, Australia and the Black Sea and the buoyant consumer economies of India and China. Ongoing regional development in refining and construction also continues to drive growth. At the same time, the region is fast emerging as a global center for aluminum production, accounting for some two-thirds of all aluminum production investment.<\/p>\n<p>Fluid financing<\/p>\n<p>Established in UK London, PMCC Trade flow gives you the flexibility and innovative trade finance options to safeguard the value of your stored stock. It provides you with everything you need to certify commodities for collateralization and turn your underutilized resources into assets. We also enable you to transfer the ownership of assets to another party without physical movement of the goods.<\/p>\n<p>Aluminum powerhouse<\/p>\n<p>Fast rising up the global production ranks, UK Aluminum and produce about 148.000 tons of aluminum annually, with growth fueled by demand from the regional construction sector. With world-class bulk transport ports plus high levels of supply and demand, you are assured of a stable trading market with high volumes and boundless opportunities .<\/p>\n<p>Copper futures<\/p>\n<p>Since April, copper has been successfully traded on the UK Gold and Commodities Exchange\u00a0 via the Copper Futures contract. As the world&#8217;s third most widely used metal, particularly in electrical applications, copper is listed on a number of major international exchanges<\/p>\n\t<a href=\"https:\/\/pmccuk.com\/index.php\/contact\/\" target=\"_self\" role=\"button\" rel=\"noopener\">\n\t\t\t\t\tContact us\n\t<\/a>\n\t\t\t\t\t\t\t<img decoding=\"async\" loading=\"lazy\" width=\"375\" height=\"293\" src=\"http:\/\/gmccuk.com\/wp-content\/uploads\/2022\/04\/tcg.jpg\" alt=\"tcg\" itemprop=\"image\" title=\"tcg\" onerror=\"this.style.display='none'\" \/>\t\t\t\t\t\t\t\n\t\t\t\t\t\t\t<img decoding=\"async\" loading=\"lazy\" width=\"427\" height=\"191\" src=\"http:\/\/gmccuk.com\/wp-content\/uploads\/2022\/04\/65hv6.jpg\" alt=\"65hv6\" itemprop=\"image\" title=\"65hv6\" onerror=\"this.style.display='none'\" \/>\t\t\t\t\t\t\t\n\t\t\t\t\t\t\t<img decoding=\"async\" loading=\"lazy\" width=\"550\" height=\"335\" src=\"http:\/\/gmccuk.com\/wp-content\/uploads\/2022\/04\/h56h5.jpg\" alt=\"h56h5\" itemprop=\"image\" title=\"h56h5\" onerror=\"this.style.display='none'\" \/>\t\t\t\t\t\t\t\n\t\t\t\t\t\t\t<img decoding=\"async\" loading=\"lazy\" width=\"600\" height=\"300\" src=\"http:\/\/gmccuk.com\/wp-content\/uploads\/2022\/04\/5hv6.jpg\" alt=\"5hv6\" itemprop=\"image\" title=\"5hv6\" onerror=\"this.style.display='none'\" \/>\t\t\t\t\t\t\t\n\n<\/div><!-- .vgblk-rw-wrapper -->","protected":false},"excerpt":{"rendered":"<p>\u00d6d\u00fcl sistemi aktivasyonu kumar oynamaktan kaynaklan\u0131r, oyuncuyu geri getirir. \u015e\u00fcpheli etkinlik takibi makine \u00f6\u011frenimi ile iyile\u015ftirilmi\u015ftir. \u0130steme mesajlar\u0131 kazan\u00e7lar hakk\u0131nda uyar\u0131 verir, ki\u015fiselle\u015ftirilmi\u015f bir deneyim sunar. Web3 ortamlar\u0131nda, oyuncular sosyal olarak etkile\u015fime girer. Bir kumarhane \u015feffaf de\u011filse, g\u00fcvende kal\u0131n. D\u00f6nen makaralar, buna k\u0131yasla, daha az \u00f6d\u00fcllendirici olabilir. Kumarhane ziyaret\u00e7ileri getiri oran\u0131n\u0131 hesaba katmal\u0131d\u0131r, yine de&#8230;<\/p>\n","protected":false},"author":1,"featured_media":0,"parent":0,"menu_order":0,"comment_status":"closed","ping_status":"closed","template":"","meta":{"om_disable_all_campaigns":false,"inline_featured_image":false,"_mi_skip_tracking":false,"footnotes":""},"class_list":["post-987761","page","type-page","status-publish","hentry"],"aioseo_notices":[],"yoast_head":"<!-- This site is optimized with the Yoast SEO Premium plugin v18.2.1 (Yoast SEO v18.5.1) - https:\/\/yoast.com\/wordpress\/plugins\/seo\/ -->\n<title>Our Markets - PMCC - PREMIUM MULTI COMMODITIES CENTER LTD<\/title>\n<meta name=\"description\" content=\"FOOD TRADE GROUP. Your trusted partner in the food trade our Groupe develop and grow their food trade business in the World. GMCC, the Company on trade and commodities in London invites you to join the GMCC Food Trade Group, a dynamic industry network where you can find new business opportunities as well as the practical guidance and tools needed for growth\" \/>\n<meta name=\"robots\" content=\"index, follow, max-snippet:-1, max-image-preview:large, max-video-preview:-1\" \/>\n<link rel=\"canonical\" href=\"https:\/\/pmccuk.com\/index.php\/our-markets\/\" \/>\n<meta property=\"og:locale\" content=\"en_US\" \/>\n<meta property=\"og:type\" content=\"article\" \/>\n<meta property=\"og:title\" content=\"Our Markets\" \/>\n<meta property=\"og:description\" content=\"FOOD TRADE GROUP. Your trusted partner in the food trade our Groupe develop and grow their food trade business in the World. GMCC, the Company on trade and commodities in London invites you to join the GMCC Food Trade Group, a dynamic industry network where you can find new business opportunities as well as the practical guidance and tools needed for growth\" \/>\n<meta property=\"og:url\" content=\"https:\/\/pmccuk.com\/index.php\/our-markets\/\" \/>\n<meta property=\"og:site_name\" content=\"PMCC - PREMIUM MULTI COMMODITIES CENTER LTD\" \/>\n<meta property=\"article:modified_time\" content=\"2025-08-14T17:25:27+00:00\" \/>\n<meta property=\"og:image\" content=\"http:\/\/gmccuk.com\/wp-content\/uploads\/2022\/04\/tea.png\" \/>\n<meta name=\"twitter:card\" content=\"summary_large_image\" \/>\n<meta name=\"twitter:description\" content=\"FOOD TRADE GROUP. Your trusted partner in the food trade our Groupe develop and grow their food trade business in the World. GMCC, the Company on trade and commodities in London invites you to join the GMCC Food Trade Group, a dynamic industry network where you can find new business opportunities as well as the practical guidance and tools needed for growth\" \/>\n<meta name=\"twitter:label1\" content=\"Est. reading time\" \/>\n\t<meta name=\"twitter:data1\" content=\"9 minutes\" \/>\n<script type=\"application\/ld+json\" class=\"yoast-schema-graph\">{\"@context\":\"https:\/\/schema.org\",\"@graph\":[{\"@type\":\"WebSite\",\"@id\":\"https:\/\/pmccuk.com\/#website\",\"url\":\"https:\/\/pmccuk.com\/\",\"name\":\"PMCC - PREMIUM MULTI COMMODITIES CENTER LTD\",\"description\":\"\",\"potentialAction\":[{\"@type\":\"SearchAction\",\"target\":{\"@type\":\"EntryPoint\",\"urlTemplate\":\"https:\/\/pmccuk.com\/?s={search_term_string}\"},\"query-input\":\"required name=search_term_string\"}],\"inLanguage\":\"en-US\"},{\"@type\":\"ImageObject\",\"@id\":\"https:\/\/pmccuk.com\/index.php\/our-markets\/#primaryimage\",\"inLanguage\":\"en-US\",\"url\":\"http:\/\/gmccuk.com\/wp-content\/uploads\/2022\/04\/tea.png\",\"contentUrl\":\"http:\/\/gmccuk.com\/wp-content\/uploads\/2022\/04\/tea.png\"},{\"@type\":\"WebPage\",\"@id\":\"https:\/\/pmccuk.com\/index.php\/our-markets\/#webpage\",\"url\":\"https:\/\/pmccuk.com\/index.php\/our-markets\/\",\"name\":\"Our Markets - PMCC - PREMIUM MULTI COMMODITIES CENTER LTD\",\"isPartOf\":{\"@id\":\"https:\/\/pmccuk.com\/#website\"},\"primaryImageOfPage\":{\"@id\":\"https:\/\/pmccuk.com\/index.php\/our-markets\/#primaryimage\"},\"datePublished\":\"2022-04-22T09:51:41+00:00\",\"dateModified\":\"2025-08-14T17:25:27+00:00\",\"description\":\"FOOD TRADE GROUP. Your trusted partner in the food trade our Groupe develop and grow their food trade business in the World. GMCC, the Company on trade and commodities in London invites you to join the GMCC Food Trade Group, a dynamic industry network where you can find new business opportunities as well as the practical guidance and tools needed for growth\",\"breadcrumb\":{\"@id\":\"https:\/\/pmccuk.com\/index.php\/our-markets\/#breadcrumb\"},\"inLanguage\":\"en-US\",\"potentialAction\":[{\"@type\":\"ReadAction\",\"target\":[\"https:\/\/pmccuk.com\/index.php\/our-markets\/\"]}]},{\"@type\":\"BreadcrumbList\",\"@id\":\"https:\/\/pmccuk.com\/index.php\/our-markets\/#breadcrumb\",\"itemListElement\":[{\"@type\":\"ListItem\",\"position\":1,\"name\":\"Home\",\"item\":\"https:\/\/pmccuk.com\/\"},{\"@type\":\"ListItem\",\"position\":2,\"name\":\"Our Markets\"}]}]}<\/script>\n<!-- \/ Yoast SEO Premium plugin. -->","yoast_head_json":{"title":"Our Markets - PMCC - PREMIUM MULTI COMMODITIES CENTER LTD","description":"FOOD TRADE GROUP. Your trusted partner in the food trade our Groupe develop and grow their food trade business in the World. GMCC, the Company on trade and commodities in London invites you to join the GMCC Food Trade Group, a dynamic industry network where you can find new business opportunities as well as the practical guidance and tools needed for growth","robots":{"index":"index","follow":"follow","max-snippet":"max-snippet:-1","max-image-preview":"max-image-preview:large","max-video-preview":"max-video-preview:-1"},"canonical":"https:\/\/pmccuk.com\/index.php\/our-markets\/","og_locale":"en_US","og_type":"article","og_title":"Our Markets","og_description":"FOOD TRADE GROUP. Your trusted partner in the food trade our Groupe develop and grow their food trade business in the World. GMCC, the Company on trade and commodities in London invites you to join the GMCC Food Trade Group, a dynamic industry network where you can find new business opportunities as well as the practical guidance and tools needed for growth","og_url":"https:\/\/pmccuk.com\/index.php\/our-markets\/","og_site_name":"PMCC - PREMIUM MULTI COMMODITIES CENTER LTD","article_modified_time":"2025-08-14T17:25:27+00:00","og_image":[{"url":"http:\/\/gmccuk.com\/wp-content\/uploads\/2022\/04\/tea.png"}],"twitter_card":"summary_large_image","twitter_description":"FOOD TRADE GROUP. Your trusted partner in the food trade our Groupe develop and grow their food trade business in the World. GMCC, the Company on trade and commodities in London invites you to join the GMCC Food Trade Group, a dynamic industry network where you can find new business opportunities as well as the practical guidance and tools needed for growth","twitter_misc":{"Est. reading time":"9 minutes"},"schema":{"@context":"https:\/\/schema.org","@graph":[{"@type":"WebSite","@id":"https:\/\/pmccuk.com\/#website","url":"https:\/\/pmccuk.com\/","name":"PMCC - PREMIUM MULTI COMMODITIES CENTER LTD","description":"","potentialAction":[{"@type":"SearchAction","target":{"@type":"EntryPoint","urlTemplate":"https:\/\/pmccuk.com\/?s={search_term_string}"},"query-input":"required name=search_term_string"}],"inLanguage":"en-US"},{"@type":"ImageObject","@id":"https:\/\/pmccuk.com\/index.php\/our-markets\/#primaryimage","inLanguage":"en-US","url":"http:\/\/gmccuk.com\/wp-content\/uploads\/2022\/04\/tea.png","contentUrl":"http:\/\/gmccuk.com\/wp-content\/uploads\/2022\/04\/tea.png"},{"@type":"WebPage","@id":"https:\/\/pmccuk.com\/index.php\/our-markets\/#webpage","url":"https:\/\/pmccuk.com\/index.php\/our-markets\/","name":"Our Markets - PMCC - PREMIUM MULTI COMMODITIES CENTER LTD","isPartOf":{"@id":"https:\/\/pmccuk.com\/#website"},"primaryImageOfPage":{"@id":"https:\/\/pmccuk.com\/index.php\/our-markets\/#primaryimage"},"datePublished":"2022-04-22T09:51:41+00:00","dateModified":"2025-08-14T17:25:27+00:00","description":"FOOD TRADE GROUP. Your trusted partner in the food trade our Groupe develop and grow their food trade business in the World. GMCC, the Company on trade and commodities in London invites you to join the GMCC Food Trade Group, a dynamic industry network where you can find new business opportunities as well as the practical guidance and tools needed for growth","breadcrumb":{"@id":"https:\/\/pmccuk.com\/index.php\/our-markets\/#breadcrumb"},"inLanguage":"en-US","potentialAction":[{"@type":"ReadAction","target":["https:\/\/pmccuk.com\/index.php\/our-markets\/"]}]},{"@type":"BreadcrumbList","@id":"https:\/\/pmccuk.com\/index.php\/our-markets\/#breadcrumb","itemListElement":[{"@type":"ListItem","position":1,"name":"Home","item":"https:\/\/pmccuk.com\/"},{"@type":"ListItem","position":2,"name":"Our Markets"}]}]}},"_links":{"self":[{"href":"https:\/\/pmccuk.com\/index.php\/wp-json\/wp\/v2\/pages\/987761","targetHints":{"allow":["GET"]}}],"collection":[{"href":"https:\/\/pmccuk.com\/index.php\/wp-json\/wp\/v2\/pages"}],"about":[{"href":"https:\/\/pmccuk.com\/index.php\/wp-json\/wp\/v2\/types\/page"}],"author":[{"embeddable":true,"href":"https:\/\/pmccuk.com\/index.php\/wp-json\/wp\/v2\/users\/1"}],"replies":[{"embeddable":true,"href":"https:\/\/pmccuk.com\/index.php\/wp-json\/wp\/v2\/comments?post=987761"}],"version-history":[{"count":7,"href":"https:\/\/pmccuk.com\/index.php\/wp-json\/wp\/v2\/pages\/987761\/revisions"}],"predecessor-version":[{"id":987867,"href":"https:\/\/pmccuk.com\/index.php\/wp-json\/wp\/v2\/pages\/987761\/revisions\/987867"}],"wp:attachment":[{"href":"https:\/\/pmccuk.com\/index.php\/wp-json\/wp\/v2\/media?parent=987761"}],"curies":[{"name":"wp","href":"https:\/\/api.w.org\/{rel}","templated":true}]}}